2)/5). Let q be s(k). Let t be (0/q - -97) + 1. What is the greatest common divisor of 14 and t?
14
Let b = -25 - -35. Let d be (-17)/(-2) - 5/b. Let v(p) = -2*p**3 - 3*p**2 + p - 4. Let o be v(-4). What is the greatest common divisor of o and d?
8
Let f(j) = -j**3 + 13*j**2 - 10*j - 12. Let t be f(6). What is the highest common factor of 380 and t?
20
Let z = 32 - -8. Suppose 103 = 5*x - 2. Suppose v - 6*v - 29 = -3*q, -5*v = -2*q + x. What is the greatest common divisor of q and z?
8
Let q be 1140/304 - ((-6)/8)/3. Let c be (-56)/(12/(-2) + 4). Calculate the highest common factor of c and q.
4
Suppose 3*h = -5*w + 51, -w - w = 4*h - 12. Suppose 218 - 266 = -4*g. What is the greatest common factor of w and g?
12
Let r = 13 - 8. Suppose 0 = r*s - 3 - 27. What is the highest common divisor of 24 and s?
6
Let n(p) = -5*p**3 - 4*p**2 - 3*p. Suppose -r + 15 = 17. Let k be n(r). Calculate the greatest common factor of 6 and k.
6
Suppose 0 = -4*n - j + 317, -3*n = -j - 79 - 150. What is the greatest common factor of n and 18?
6
Let u(r) = r**2 - 6*r - 6. Let l = 7 + -28. Let v be 2/(-5)*(1 + l). Let a be u(v). Calculate the greatest common divisor of a and 2.
2
Suppose 2*d - 4*q = -16, 3*d - 7*d - 14 = -2*q. Let n(b) = b**3 + b**2 - 2*b + 1. Let i be n(d). Let a = -4 - -7. What is the highest common factor of a and i?
1
Let b(h) = 33*h**2 + 6*h + 5. Let y be b(-2). Calculate the highest common divisor of y and 575.
25
Let o be (-1)/2 - 171/(-6). Let c = -20 + 90. Calculate the highest common divisor of o and c.
14
Suppose 374 = v + 2*k, 0*v - 4*k = 4*v - 1492. What is the highest common factor of v and 24?
12
Let a be 56 - ((-66)/(-77))/((-6)/28). Calculate the greatest common factor of a and 384.
12
Let a(b) = -b**2 - 4*b - 2. Let n be a(-2). Suppose -n*c + 270 + 72 = 0. Let i = -106 + c. What is the highest common divisor of i and 26?
13
Suppose -170 = 9*r - 413. Calculate the highest common divisor of 99 and r.
9
Let k = 18 + -44. Let m = 7 - k. What is the highest common divisor of 3 and m?
3
Let g(u) = -36 - 9*u - 36 + 66. Let t be g(-14). Calculate the greatest common divisor of t and 15.
15
Let j be (-2)/(8/6)*(-56)/42. Suppose -2*y + 2*m = -16, 4*m + j + 6 = y. Suppose 2 - 10 = -2*o. Calculate the highest common factor of y and o.
4
Let m = 38 - 0. Let j = -58 + 115. What is the highest common divisor of m and j?
19
Let v(f) = 3*f**2 - 2*f + 5. Let b be v(5). Let k be 1638/468*25*2. What is the highest common factor of b and k?
35
Suppose -3*z + 4 = r, -2*r - z - z = -24. Suppose 5*h - 12 = 4*h - 3*i, -3*i = 0. Calculate the greatest common divisor of h and r.
4
Let u(f) = 129*f - 497. Let t be u(4). Calculate the greatest common divisor of t and 19.
19
Suppose -1272 = 45*u - 69*u. What is the highest common factor of u and 1113?
53
Suppose -17*t - 3*z = -18*t + 25, 88 = 3*t + 4*z. What is the greatest common divisor of t and 224?
28
Let z = -24 - -27. Suppose z*w - 200 = -2*w. Let v = w - -15. What is the greatest common factor of v and 22?
11
Let j(x) = -x**2 + 12*x - 6. Let l be j(6). Calculate the greatest common divisor of l and 45.
15
Let n = -97 + 104. Let f(b) = -b**3 + 7*b**2 + 3*b - 13. Let r be f(n). Calculate the highest common factor of 3 and r.
1
Suppose 3*z - 667 = -5*g, 3*z - 205 = 5*g + 472. What is the greatest common factor of 168 and z?
56
Suppose 3*o + o = 5*j + 182, 0 = -4*o + 2*j + 188. Let c = o - -4. Let u = -162 + 292. Calculate the greatest common divisor of c and u.
26
Let l be (0 - -21)/(3 + -9 + 7). What is the greatest common divisor of 91 and l?
7
Suppose n = 72 + 103. Let o be 2*(-1)/4 + 204/8. Calculate the greatest common divisor of o and n.
25
Let v(p) = -p**3 - 6*p**2 + 27*p + 3. Let m(l) = l**3 + 7*l**2 - 5*l + 15. Let h be m(-8). Let r be v(h). Calculate the greatest common factor of 24 and r.
3
Let w = -39 + 37. Let u be w/(-1 + (-55)/(-60)). What is the highest common factor of u and 18?
6
Let u = 41 - 72. Let k = u - -52. What is the highest common divisor of 21 and k?
21
Let g be 4/(-3)*(-18)/12. Let z be 8/(3 - (-185)/(-65)). Suppose z + 50 = g*f. What is the greatest common factor of 17 and f?
17
Suppose 5*a = 4*i - 220, 4*a + 526 - 361 = 3*i. What is the highest common factor of 3245 and i?
55
Suppose -5*k + n + 802 + 627 = 0, -k + n + 289 = 0. Calculate the greatest common factor of k and 60.
15
Let c be (11390/(-6))/(-17) + 3/9. What is the greatest common divisor of 728 and c?
56
Let t be 51*3/((-18)/4). Let w be 206/(-10) - -10*5/(-125). Let j = w - t. Calculate the highest common factor of 104 and j.
13
Let i be 5/10 - (-213)/(-6). Let f = 68 + i. What is the greatest common divisor of f and 3?
3
Suppose -2*w + 25 = 2*r + 9, r - 23 = 4*w. Suppose 10*z + 76 = r*z. What is the greatest common divisor of 19 and z?
19
Let f be ((-20)/60)/(2*(-2)/12). Calculate the greatest common divisor of f and 4.
1
Let q(y) = 100*y + 61. Let s be q(5). Calculate the greatest common divisor of 51 and s.
51
Let j = 503 + -452. Calculate the greatest common factor of j and 12.
3
Let t(z) be the third derivative of -z**4/2 - 6*z**3 + 17*z**2. Let o be t(-12). What is the highest common factor of o and 12?
12
Suppose -10*d + 744 = -2*d. Let g = -16 + d. Suppose 4*r = -0*r + 28. What is the greatest common divisor of r and g?
7
Let b be ((-70)/25)/((-20)/650). Calculate the highest common divisor of 49 and b.
7
Suppose 2*c - b = 52, -11 = c - b - 37. Calculate the greatest common factor of 8 and c.
2
Suppose 2*w = 4*w - 102. Calculate the highest common factor of w and 357.
51
Let i = 22 + 20. Suppose -5*w - 4*v + 5*v = -i, 0 = w + 4*v. Let n(a) = a**3 - 6*a**2 - 9*a - 1. Let x be n(w). Calculate the highest common factor of x and 11.
11
Let g(v) = -4*v - 7. Let z be g(-3). Suppose z*f - 4 = 4*w, w - 5*f + 36 = 5*w. Calculate the highest common factor of w and 16.
4
Suppose -n - 6 = -a, a + 2*n = -4*a + 2. Suppose -2*w - a*m + 104 = -138, 3*m = -w + 121. Let v = 3 + 8. What is the highest common divisor of w and v?
11
Suppose 75 = 5*t + m, 5 = m - 0*m. What is the greatest common divisor of 616 and t?
14
Let p(v) = 22*v - 26. Let i be p(7). What is the greatest common factor of i and 2?
2
Let o be 92/(-7) - (-1)/7. Let b = 16 + o. Let w be (b/(-9))/((-2)/24). What is the greatest common divisor of 1 and w?
1
Suppose -14 = -9*x + 49. Calculate the highest common factor of x and 147.
7
Let j be (-20)/2*(-54)/108. What is the greatest common divisor of j and 5?
5
Let u be (-2 - (0 + -1))*-55. Suppose 2*l - 4*v - 18 = 0, -4*l + v + v = -18. Let d be 6 + -10 + l*5. What is the greatest common factor of d and u?
11
Let k(l) = -l**3 + 8*l**2 - 9*l + 2. Let m be k(6). Let q be (m + -15)*25/1. Calculate the highest common factor of q and 25.
25
Let n be -486*(-15)/(-40)*-4. What is the greatest common factor of 36 and n?
9
Suppose -210 = -0*q - 2*q. Suppose 0 = 11*k - 159*k + 3108. Calculate the greatest common factor of k and q.
21
Let f(a) = -a**3 - 4*a**2 - 16*a - 81. Let w be f(-5). Calculate the greatest common divisor of 108 and w.
12
Suppose 6*j = 638 + 1000. Let g be j/7*2/6. What is the greatest common factor of 143 and g?
13
Suppose 5*d = 20 - 0. Suppose 4*f = 19 + 1, d*z + 3*f = -93. Let v = -16 - z. Calculate the greatest common factor of 33 and v.
11
Suppose 12*j = 19*j + 399. Let w = j + 90. What is the greatest common factor of 66 and w?
33
Let s be 5/(20/(-32)) - (-1 + -2). Let w(v) = v**3 + 8*v**2 + 2*v - 7. Let z be w(s). Calculate the highest common divisor of 29 and z.
29
Let j(m) = 129*m**3 + 0*m - 92*m**3 + 3*m - 2. Let h be j(1). Calculate the highest common divisor of 2 and h.
2
Let y be -1*16*(0/2 - 4). Calculate the greatest common factor of 176 and y.
16
Let l(g) = -g**3 + 13*g**2 - 10*g - 9. Let s be l(12). Suppose 330 = 10*r - 8*r. What is the greatest common factor of s and r?
15
Let p(c) = -c**3 + c**2 - c + 20. Let h be p(0). Let o be (2/(-5))/((-2)/h) - 2. Calculate the highest common factor of o and 2.
2
Let l = -2 + 4. Let q(o) = 3*o**l - 10*o - 21 - 2*o**2 + 2 + 0*o**2. Let t be q(-9). Calculate the greatest common factor of 19 and t.
19
Suppose r = -2, -3*m + 172 = 3*r - 92. Suppose 3*a + 3*a - m = 0. What is the greatest common factor of 6 and a?
3
Let z(t) = t**3 + 3*t**2 - 3*t + 